{"id":83,"date":"2021-07-12T18:39:41","date_gmt":"2021-07-12T18:39:41","guid":{"rendered":"https:\/\/lamansa.com.py\/?page_id=83"},"modified":"2021-07-23T14:15:25","modified_gmt":"2021-07-23T14:15:25","slug":"apocalipto","status":"publish","type":"page","link":"https:\/\/lamansa.com.py\/index.php\/apocalipto\/","title":{"rendered":"Apocalipto"},"content":{"rendered":"\t\t<div data-elementor-type=\"wp-page\" data-elementor-id=\"83\" class=\"elementor elementor-83\" data-elementor-settings=\"[]\">\n\t\t\t\t\t\t\t<div class=\"elementor-section-wrap\">\n\t\t\t\t\t\t\t<section class=\"elementor-section elementor-top-section elementor-element elementor-element-7f15ed0a elementor-section-height-min-height elementor-section-boxed elementor-section-height-default elementor-section-items-middle\" data-id=\"7f15ed0a\" data-element_type=\"section\" data-settings=\"{&quot;background_background&quot;:&quot;classic&quot;}\">\n\t\t\t\t\t\t<div class=\"elementor-container elementor-column-gap-default\">\n\t\t\t\t\t<div class=\"elementor-column elementor-col-100 elementor-top-column elementor-element elementor-element-5807f5a4\" data-id=\"5807f5a4\" data-element_type=\"column\" data-settings=\"{&quot;motion_fx_motion_fx_scrolling&quot;:&quot;yes&quot;,&quot;motion_fx_translateY_effect&quot;:&quot;yes&quot;,&quot;motion_fx_translateY_speed&quot;:{&quot;unit&quot;:&quot;px&quot;,&quot;size&quot;:1.5,&quot;sizes&quot;:[]},&quot;motion_fx_translateY_affectedRange&quot;:{&quot;unit&quot;:&quot;%&quot;,&quot;size&quot;:&quot;&quot;,&quot;sizes&quot;:{&quot;start&quot;:0,&quot;end&quot;:100}},&quot;motion_fx_devices&quot;:[&quot;desktop&quot;,&quot;tablet&quot;,&quot;mobile&quot;]}\">\n\t\t\t<div class=\"elementor-widget-wrap elementor-element-populated\">\n\t\t\t\t\t\t\t\t<div class=\"elementor-element elementor-element-2a8f7175 elementor-widget elementor-widget-image\" data-id=\"2a8f7175\" data-element_type=\"widget\" data-widget_type=\"image.default\">\n\t\t\t\t<div class=\"elementor-widget-container\">\n\t\t\t\t\t\t\t\t\t\t\t\t\t\t\t<img width=\"614\" height=\"722\" src=\"https:\/\/lamansa.com.py\/wp-content\/uploads\/2021\/07\/etiq-apocalipto-serig-2.png\" class=\"attachment-full size-full\" alt=\"\" loading=\"lazy\" srcset=\"https:\/\/lamansa.com.py\/wp-content\/uploads\/2021\/07\/etiq-apocalipto-serig-2.png 614w, https:\/\/lamansa.com.py\/wp-content\/uploads\/2021\/07\/etiq-apocalipto-serig-2-255x300.png 255w\" sizes=\"(max-width: 614px) 100vw, 614px\" \/>\t\t\t\t\t\t\t\t\t\t\t\t\t\t\t<\/div>\n\t\t\t\t<\/div>\n\t\t\t\t\t<\/div>\n\t\t<\/div>\n\t\t\t\t\t\t\t<\/div>\n\t\t<\/section>\n\t\t\t\t<section class=\"elementor-section elementor-top-section elementor-element elementor-element-5410aeff elementor-section-boxed elementor-section-height-default elementor-section-height-default\" data-id=\"5410aeff\" data-element_type=\"section\">\n\t\t\t\t\t\t<div class=\"elementor-container elementor-column-gap-default\">\n\t\t\t\t\t<div class=\"elementor-column elementor-col-50 elementor-top-column elementor-element elementor-element-36484a21\" data-id=\"36484a21\" data-element_type=\"column\">\n\t\t\t<div class=\"elementor-widget-wrap elementor-element-populated\">\n\t\t\t\t\t\t\t\t<div class=\"elementor-element elementor-element-1dac31b6 elementor-widget elementor-widget-image\" data-id=\"1dac31b6\" data-element_type=\"widget\" data-widget_type=\"image.default\">\n\t\t\t\t<div class=\"elementor-widget-container\">\n\t\t\t\t\t\t\t\t\t\t\t\t\t\t\t<img width=\"600\" height=\"662\" src=\"https:\/\/lamansa.com.py\/wp-content\/uploads\/2021\/07\/IMG_1973-1.png\" class=\"attachment-large size-large\" alt=\"\" loading=\"lazy\" srcset=\"https:\/\/lamansa.com.py\/wp-content\/uploads\/2021\/07\/IMG_1973-1.png 600w, https:\/\/lamansa.com.py\/wp-content\/uploads\/2021\/07\/IMG_1973-1-272x300.png 272w\" sizes=\"(max-width: 600px) 100vw, 600px\" \/>\t\t\t\t\t\t\t\t\t\t\t\t\t\t\t<\/div>\n\t\t\t\t<\/div>\n\t\t\t\t\t<\/div>\n\t\t<\/div>\n\t\t\t\t<div class=\"elementor-column elementor-col-50 elementor-top-column elementor-element elementor-element-fd7c710\" data-id=\"fd7c710\" data-element_type=\"column\">\n\t\t\t<div class=\"elementor-widget-wrap elementor-element-populated\">\n\t\t\t\t\t\t\t\t<div class=\"elementor-element elementor-element-872c63d elementor-widget elementor-widget-heading\" data-id=\"872c63d\" data-element_type=\"widget\" data-widget_type=\"heading.default\">\n\t\t\t\t<div class=\"elementor-widget-container\">\n\t\t\t<h3 class=\"elementor-heading-title elementor-size-default\">Cuando llegue el momento,<\/h3>\t\t<\/div>\n\t\t\t\t<\/div>\n\t\t\t\t<div class=\"elementor-element elementor-element-2834bcbb elementor-widget elementor-widget-heading\" data-id=\"2834bcbb\" data-element_type=\"widget\" data-widget_type=\"heading.default\">\n\t\t\t\t<div class=\"elementor-widget-container\">\n\t\t\t<h3 class=\"elementor-heading-title elementor-size-default\">nos aferraremos a lo m\u00e1s querido, entregando todo en un intento desesperado de supervivencia.<\/h3>\t\t<\/div>\n\t\t\t\t<\/div>\n\t\t\t\t\t<\/div>\n\t\t<\/div>\n\t\t\t\t\t\t\t<\/div>\n\t\t<\/section>\n\t\t\t\t<section class=\"elementor-section elementor-top-section elementor-element elementor-element-360565a4 elementor-section-boxed elementor-section-height-default elementor-section-height-default\" data-id=\"360565a4\" data-element_type=\"section\" data-settings=\"{&quot;background_background&quot;:&quot;gradient&quot;}\">\n\t\t\t\t\t\t<div class=\"elementor-container elementor-column-gap-default\">\n\t\t\t\t\t<div class=\"elementor-column elementor-col-100 elementor-top-column elementor-element elementor-element-851522b\" data-id=\"851522b\" data-element_type=\"column\">\n\t\t\t<div class=\"elementor-widget-wrap elementor-element-populated\">\n\t\t\t\t\t\t\t\t<div class=\"elementor-element elementor-element-734ad091 elementor-widget elementor-widget-image\" data-id=\"734ad091\" data-element_type=\"widget\" data-widget_type=\"image.default\">\n\t\t\t\t<div class=\"elementor-widget-container\">\n\t\t\t\t\t\t\t\t\t\t\t\t\t\t\t<img width=\"172\" height=\"80\" src=\"https:\/\/lamansa.com.py\/wp-content\/uploads\/2021\/07\/z01.png\" class=\"attachment-large size-large\" alt=\"\" loading=\"lazy\" \/>\t\t\t\t\t\t\t\t\t\t\t\t\t\t\t<\/div>\n\t\t\t\t<\/div>\n\t\t\t\t<div class=\"elementor-element elementor-element-129cf673 elementor-widget elementor-widget-text-editor\" data-id=\"129cf673\" data-element_type=\"widget\" data-widget_type=\"text-editor.default\">\n\t\t\t\t<div class=\"elementor-widget-container\">\n\t\t\t\t\t\t\t\t<p><b>Apocalipto<\/b>, es un vino que surge de generar un estado de mortandad a la planta.<br \/>En el tiempo previo a la cosecha donde se le realiza un estr\u00e9s h\u00eddrico a la planta lo que significa restringirle al m\u00e1ximo el agua antes de la Vendimia.<\/p>\t\t\t\t\t\t<\/div>\n\t\t\t\t<\/div>\n\t\t\t\t\t<\/div>\n\t\t<\/div>\n\t\t\t\t\t\t\t<\/div>\n\t\t<\/section>\n\t\t\t\t<section class=\"elementor-section elementor-top-section elementor-element elementor-element-27c11c8d elementor-section-boxed elementor-section-height-default elementor-section-height-default\" data-id=\"27c11c8d\" data-element_type=\"section\">\n\t\t\t\t\t\t<div class=\"elementor-container elementor-column-gap-default\">\n\t\t\t\t\t<div class=\"elementor-column elementor-col-50 elementor-top-column elementor-element elementor-element-159ebda1\" data-id=\"159ebda1\" data-element_type=\"column\">\n\t\t\t<div class=\"elementor-widget-wrap elementor-element-populated\">\n\t\t\t\t\t\t\t\t<div class=\"elementor-element elementor-element-3839bc50 elementor-hidden-phone elementor-widget-divider--view-line elementor-widget elementor-widget-divider\" data-id=\"3839bc50\" data-element_type=\"widget\" data-widget_type=\"divider.default\">\n\t\t\t\t<div class=\"elementor-widget-container\">\n\t\t\t\t\t<div class=\"elementor-divider\">\n\t\t\t<span class=\"elementor-divider-separator\">\n\t\t\t\t\t\t<\/span>\n\t\t<\/div>\n\t\t\t\t<\/div>\n\t\t\t\t<\/div>\n\t\t\t\t<div class=\"elementor-element elementor-element-609eba95 elementor-widget__width-initial elementor-widget elementor-widget-text-editor\" data-id=\"609eba95\" data-element_type=\"widget\" data-widget_type=\"text-editor.default\">\n\t\t\t\t<div class=\"elementor-widget-container\">\n\t\t\t\t\t\t\t\t<p>&#8220;Esto generar\u00e1 que <strong>la vid sienta que est\u00e1 muriendo<\/strong>, comience a secarse y por lo tanto a modo de supervivencia, como cualquier ser vivo en estado de apocalipsis donde se siente morir, trata de dejar su mejor descendencia para mantener la especie liberando toda su energ\u00eda hacia los frutos y concentrando toda sus propiedades y carga gen\u00e9tica en la semilla que es lo que va a permitir la mantenci\u00f3n de la especie.<\/p><p>Para cuidar de esta semilla, que se encuentra dentro del fruto, la planta genera en la piel del grano una materia colorante mucho m\u00e1s intensa para llamar la atenci\u00f3n de los p\u00e1jaros quienes vendr\u00e1n a comer la uva.<\/p><p>Por otro lado la piel ser\u00e1 mucho m\u00e1s gruesa, para que el p\u00e1jaro al comerla, los \u00e1cidos digestivos de su est\u00f3mago no afecten a la semilla y cuando la libere en forma natural, \u00e9sta quede intacta y pueda seguir su proceso natural de germinaci\u00f3n en la tierra.<\/p><p>Traducido a niveles enol\u00f3gicos, este proceso es magn\u00edfico. Mayor concentraci\u00f3n de az\u00facar por la restricci\u00f3n de agua, engrosamiento de la piel del grano de uva que va a aportar mucha m\u00e1s materia colorante al vino y una semilla con muchas m\u00e1s propiedades.<\/p><p>Forzamos nuestras vides al maximo porque sabemos lo que nos pueden dar.\u00a0<\/p><p>Traducido a niveles enol\u00f3gicos, este proceso es magn\u00edfico. Mayor concentraci\u00f3n de az\u00facar por la restricci\u00f3n de agua, engrosamiento de la piel del grano de uva que va a aportar mucha m\u00e1s materia colorante al vino y una semilla con muchas m\u00e1s propiedades.<\/p><p>Forzamos nuestras vides al m\u00e1ximo porque sabemos lo que nos pueden dar.&#8221;<\/p>\t\t\t\t\t\t<\/div>\n\t\t\t\t<\/div>\n\t\t\t\t<div class=\"elementor-element elementor-element-45d9720 elementor-widget-divider--view-line elementor-widget elementor-widget-divider\" data-id=\"45d9720\" data-element_type=\"widget\" data-widget_type=\"divider.default\">\n\t\t\t\t<div class=\"elementor-widget-container\">\n\t\t\t\t\t<div class=\"elementor-divider\">\n\t\t\t<span class=\"elementor-divider-separator\">\n\t\t\t\t\t\t<\/span>\n\t\t<\/div>\n\t\t\t\t<\/div>\n\t\t\t\t<\/div>\n\t\t\t\t<div class=\"elementor-element elementor-element-6e9dfd1 elementor-widget elementor-widget-heading\" data-id=\"6e9dfd1\" data-element_type=\"widget\" data-widget_type=\"heading.default\">\n\t\t\t\t<div class=\"elementor-widget-container\">\n\t\t\t<h4 class=\"elementor-heading-title elementor-size-default\">Mart\u00edn Giardina, En\u00f3logo<\/h4>\t\t<\/div>\n\t\t\t\t<\/div>\n\t\t\t\t\t<\/div>\n\t\t<\/div>\n\t\t\t\t<div class=\"elementor-column elementor-col-50 elementor-top-column elementor-element elementor-element-179e9e75 elementor-hidden-phone\" data-id=\"179e9e75\" data-element_type=\"column\">\n\t\t\t<div class=\"elementor-widget-wrap elementor-element-populated\">\n\t\t\t\t\t\t\t\t<div class=\"elementor-element elementor-element-cfb8d9f elementor-widget elementor-widget-image\" data-id=\"cfb8d9f\" data-element_type=\"widget\" data-widget_type=\"image.default\">\n\t\t\t\t<div class=\"elementor-widget-container\">\n\t\t\t\t\t\t\t\t\t\t\t\t\t\t\t<img width=\"600\" height=\"454\" src=\"https:\/\/lamansa.com.py\/wp-content\/uploads\/2021\/07\/IMG_1970-1.png\" class=\"attachment-large size-large\" alt=\"\" loading=\"lazy\" srcset=\"https:\/\/lamansa.com.py\/wp-content\/uploads\/2021\/07\/IMG_1970-1.png 600w, https:\/\/lamansa.com.py\/wp-content\/uploads\/2021\/07\/IMG_1970-1-300x227.png 300w\" sizes=\"(max-width: 600px) 100vw, 600px\" \/>\t\t\t\t\t\t\t\t\t\t\t\t\t\t\t<\/div>\n\t\t\t\t<\/div>\n\t\t\t\t\t<\/div>\n\t\t<\/div>\n\t\t\t\t\t\t\t<\/div>\n\t\t<\/section>\n\t\t\t\t<section class=\"elementor-section elementor-top-section elementor-element elementor-element-47bf0ec8 elementor-section-boxed elementor-section-height-default elementor-section-height-default\" data-id=\"47bf0ec8\" data-element_type=\"section\">\n\t\t\t\t\t\t<div class=\"elementor-container elementor-column-gap-default\">\n\t\t\t\t\t<div class=\"elementor-column elementor-col-50 elementor-top-column elementor-element elementor-element-40e9ded1\" data-id=\"40e9ded1\" data-element_type=\"column\">\n\t\t\t<div class=\"elementor-widget-wrap elementor-element-populated\">\n\t\t\t\t\t\t\t\t<div class=\"elementor-element elementor-element-70cfeaf5 elementor-widget elementor-widget-image\" data-id=\"70cfeaf5\" data-element_type=\"widget\" data-widget_type=\"image.default\">\n\t\t\t\t<div class=\"elementor-widget-container\">\n\t\t\t\t\t\t\t\t\t\t\t\t\t\t\t<img width=\"1000\" height=\"1000\" src=\"https:\/\/lamansa.com.py\/wp-content\/uploads\/2021\/07\/Apocalipto-botella.jpg\" class=\"attachment-full size-full\" alt=\"\" loading=\"lazy\" srcset=\"https:\/\/lamansa.com.py\/wp-content\/uploads\/2021\/07\/Apocalipto-botella.jpg 1000w, https:\/\/lamansa.com.py\/wp-content\/uploads\/2021\/07\/Apocalipto-botella-300x300.jpg 300w, https:\/\/lamansa.com.py\/wp-content\/uploads\/2021\/07\/Apocalipto-botella-150x150.jpg 150w, https:\/\/lamansa.com.py\/wp-content\/uploads\/2021\/07\/Apocalipto-botella-768x768.jpg 768w\" sizes=\"(max-width: 1000px) 100vw, 1000px\" \/>\t\t\t\t\t\t\t\t\t\t\t\t\t\t\t<\/div>\n\t\t\t\t<\/div>\n\t\t\t\t\t<\/div>\n\t\t<\/div>\n\t\t\t\t<div class=\"elementor-column elementor-col-50 elementor-top-column elementor-element elementor-element-5c6fa364\" data-id=\"5c6fa364\" data-element_type=\"column\">\n\t\t\t<div class=\"elementor-widget-wrap elementor-element-populated\">\n\t\t\t\t\t\t\t\t<div class=\"elementor-element elementor-element-1fdaaa3e elementor-align-left elementor-hidden-phone elementor-widget elementor-widget-lottie\" data-id=\"1fdaaa3e\" data-element_type=\"widget\" data-settings=\"{&quot;source_json&quot;:{&quot;url&quot;:null,&quot;id&quot;:91},&quot;loop&quot;:&quot;yes&quot;,&quot;source&quot;:&quot;media_file&quot;,&quot;link_to&quot;:&quot;none&quot;,&quot;trigger&quot;:&quot;arriving_to_viewport&quot;,&quot;viewport&quot;:{&quot;unit&quot;:&quot;%&quot;,&quot;size&quot;:&quot;&quot;,&quot;sizes&quot;:{&quot;start&quot;:0,&quot;end&quot;:100}},&quot;play_speed&quot;:{&quot;unit&quot;:&quot;px&quot;,&quot;size&quot;:1,&quot;sizes&quot;:[]},&quot;start_point&quot;:{&quot;unit&quot;:&quot;%&quot;,&quot;size&quot;:&quot;0&quot;,&quot;sizes&quot;:[]},&quot;end_point&quot;:{&quot;unit&quot;:&quot;%&quot;,&quot;size&quot;:&quot;100&quot;,&quot;sizes&quot;:[]},&quot;renderer&quot;:&quot;svg&quot;}\" data-widget_type=\"lottie.default\">\n\t\t\t\t<div class=\"elementor-widget-container\">\n\t\t\t<div class=\"e-lottie__container\"><div class=\"e-lottie__animation\"><\/div><\/div>\t\t<\/div>\n\t\t\t\t<\/div>\n\t\t\t\t<div class=\"elementor-element elementor-element-361264b9 elementor-widget elementor-widget-heading\" data-id=\"361264b9\" data-element_type=\"widget\" data-widget_type=\"heading.default\">\n\t\t\t\t<div class=\"elementor-widget-container\">\n\t\t\t<h2 class=\"elementor-heading-title elementor-size-default\">Apocalipto Blend de Malbec<\/h2>\t\t<\/div>\n\t\t\t\t<\/div>\n\t\t\t\t<div class=\"elementor-element elementor-element-51fb4763 elementor-widget__width-initial elementor-widget elementor-widget-text-editor\" data-id=\"51fb4763\" data-element_type=\"widget\" data-widget_type=\"text-editor.default\">\n\t\t\t\t<div class=\"elementor-widget-container\">\n\t\t\t\t\t\t\t\t<p><strong>MALBEC 2012 + MALBEC 2015 + MALBEC 2018<\/strong><\/p>\n<p>Resultado del car\u00e1cter y potencial caracter\u00edstico brindado por condiciones clim\u00e1ticas diferentes, hemos seleccionado las 3 cosechas m\u00e1s relevantes de nuestra finca de malbec y conformamos esta partida limitada de solo 1.500 botellas.<\/p>\t\t\t\t\t\t<\/div>\n\t\t\t\t<\/div>\n\t\t\t\t\t<\/div>\n\t\t<\/div>\n\t\t\t\t\t\t\t<\/div>\n\t\t<\/section>\n\t\t\t\t<section class=\"elementor-section elementor-top-section elementor-element elementor-element-50dafb99 elementor-section-boxed elementor-section-height-default elementor-section-height-default\" data-id=\"50dafb99\" data-element_type=\"section\">\n\t\t\t\t\t\t<div class=\"elementor-container elementor-column-gap-default\">\n\t\t\t\t\t<div class=\"elementor-column elementor-col-100 elementor-top-column elementor-element elementor-element-690878b8\" data-id=\"690878b8\" data-element_type=\"column\">\n\t\t\t<div class=\"elementor-widget-wrap elementor-element-populated\">\n\t\t\t\t\t\t\t\t<div class=\"elementor-element elementor-element-586d6fb4 elementor-widget-divider--view-line elementor-widget elementor-widget-divider\" data-id=\"586d6fb4\" data-element_type=\"widget\" data-widget_type=\"divider.default\">\n\t\t\t\t<div class=\"elementor-widget-container\">\n\t\t\t\t\t<div class=\"elementor-divider\">\n\t\t\t<span class=\"elementor-divider-separator\">\n\t\t\t\t\t\t<\/span>\n\t\t<\/div>\n\t\t\t\t<\/div>\n\t\t\t\t<\/div>\n\t\t\t\t\t<\/div>\n\t\t<\/div>\n\t\t\t\t\t\t\t<\/div>\n\t\t<\/section>\n\t\t\t\t\t\t<\/div>\n\t\t\t\t\t<\/div>\n\t\t","protected":false},"excerpt":{"rendered":"<p>Cuando llegue el momento, nos aferraremos a lo m\u00e1s querido, entregando todo en un intento desesperado de supervivencia. Apocalipto, es un vino que surge de generar un estado de mortandad a la planta.En el tiempo previo a la cosecha donde se le realiza un estr\u00e9s h\u00eddrico a la planta lo que significa restringirle al m\u00e1ximo &hellip;<\/p>\n<p class=\"read-more\"> <a class=\"\" href=\"https:\/\/lamansa.com.py\/index.php\/apocalipto\/\"> <span class=\"screen-reader-text\">Apocalipto<\/span> Leer m\u00e1s &raquo;<\/a><\/p>\n","protected":false},"author":1,"featured_media":0,"parent":0,"menu_order":0,"comment_status":"closed","ping_status":"closed","template":"","meta":[],"_links":{"self":[{"href":"https:\/\/lamansa.com.py\/index.php\/wp-json\/wp\/v2\/pages\/83"}],"collection":[{"href":"https:\/\/lamansa.com.py\/index.php\/wp-json\/wp\/v2\/pages"}],"about":[{"href":"https:\/\/lamansa.com.py\/index.php\/wp-json\/wp\/v2\/types\/page"}],"author":[{"embeddable":true,"href":"https:\/\/lamansa.com.py\/index.php\/wp-json\/wp\/v2\/users\/1"}],"replies":[{"embeddable":true,"href":"https:\/\/lamansa.com.py\/index.php\/wp-json\/wp\/v2\/comments?post=83"}],"version-history":[{"count":7,"href":"https:\/\/lamansa.com.py\/index.php\/wp-json\/wp\/v2\/pages\/83\/revisions"}],"predecessor-version":[{"id":652,"href":"https:\/\/lamansa.com.py\/index.php\/wp-json\/wp\/v2\/pages\/83\/revisions\/652"}],"wp:attachment":[{"href":"https:\/\/lamansa.com.py\/index.php\/wp-json\/wp\/v2\/media?parent=83"}],"curies":[{"name":"wp","href":"https:\/\/api.w.org\/{rel}","templated":true}]}}